9
Evaluate 4 + 1 - (7 + (11 - 18 - -6 - 42)).
41
What is (-8 + 8 + 3 - 2 - -7) + -28?
-20
Evaluate 70 - 0 - (-30 + 18 + 35 - 9).
56
Evaluate 8 + -6 + -4 + -6 + -24 + 38.
6
What is 10 + (0 - 0) + (-5 - -12 - (18 - -18))?
-19
What is 29 - (0 + -8) - (2 + 7 + -29)?
57
What is the value of (-11 - (-13 + -19)) + 41 + -3?
59
-12 - ((3 - 60) + 62 - (-2 + 74))
55
-20 - ((57 + -20 - 18) + -2)
-37
What is the value of (-18 + -1 - (308 - 365)) + -14?
24
What is 67 - (5 - (-4 + (0 - -3) + (89 - 84)))?
66
Calculate 62 + -19 - 88 - (-9 + -1) - (-8 - 3).
-24
Calculate (-51 - 2) + (-57 - -72) - 11.
-49
6 + (-12 + -18 - 1 - -14)
-11
Calculate (-4 - (-13 + 1 + -93 + 106)) + 5 + -18.
-18
(-2 - -35 - (-32 + 34)) + -16 + 1
16
Evaluate 3 - ((-17 - 7) + (28 - 8) - -11).
-4
What is the value of -10 - (114 - (9 - -32))?
-83
What is the value of (1 - 6) + -21 + (6 + -21 - -17)?
-24
What is (-425 - -454) + -57 + 9?
-19
Evaluate -1123 - -1113 - (45 + -4).
-51
Evaluate -12 + (-6 - ((25 - (-12 + -10 + 25)) + -1)).
-39
Evaluate 15 + (1 + 65 - (356 - 374)).
99
Evaluate (-6 - -9 - (1 - 1)) + (-267 - -290).
26
(-4 - -29) + -37 + 22 - 97
-87
What is (4 + -1 + -3 - -45) + 258 + -268?
35
(33 - -50) + -10 - 92
-19
Evaluate 12 - (5 - (4 + -13) - (-65 + 56)).
-11
-5 + 0 - (-21 - (-11 + -12 + 35))
28
Evaluate (21 - (2 - -5) - 33) + 6.
-13
Evaluate 25 + (-20 - (82 - 137)).
60
Calculate 19 + 2 + 1 - (-159 - 37 - -199).
19
26 + -17 + 23 + -12 + 13 + 12
45
((13 - -12) + -13 + -10 - 14) + 6
-6
Evaluate 46 + -20 + 4 - (-15 - (-6 + 9)).
48
What is the value of 11 + (-39 - 12) + 22?
-18
Evaluate 73 + (-13 - (-1 + 3)) + -9 - -14.
63
What is (-1 - -1 - (-8 + -5)) + 853 + -898?
-32
Evaluate 80 + -2 + 18 + (14 - 7) + -28.
75
(-5 - (31 + (-10 - 14))) + (-3 + 2 - 6)
-19
What is 68 - (2 + -1 + 8 - (-7 + (20 - 12)))?
60
(31 - 20 - 9 - (-1 + 13)) + 53
43
Calculate 54 + 44 + -60 - 0.
38
-15 + -10 + -20 + 43
-2
What is -45 - -146 - 115 - 80?
-94
Evaluate 16 - (37 - 22 - 40).
41
What is the value of -2 - 10 - (-19 - (-55 - (-7 - 17)))?
-24
Calculate -35 + 25 + -7 + -6 - (-1 - 13).
-9
-942 + 859 - (-1 + -164)
82
(159 - (71 - -17)) + -15
56
Calculate -19 + 0 + -28 + 55 + (-66 - (-1 + 2)).
-59
28 + -119 + 16 + (3 - -17 - 1)
-56
(-169 - -17) + (161 - 117)
-108
Evaluate -51 - ((76 - 6) + -167).
46
What is -9 + -1 + (24 - (4 - 21))?
31
Calculate 25 - 0 - (-264 + (-158 - -339)).
108
What is the value of -495 - -521 - (11 - -174)?
-159
-18 + 25 + -35 + 71
43
Evaluate 32 + (101 + -66 - -42).
109
Evaluate (26 - 0 - (-2059 - -2057)) + 59.
87
Evaluate 9 + (-20 - (19 + -136)) - 11.
95
What is the value of 187 - (-4 - 0) - 98?
93
Calculate (-71 - -149) + 3 + (4 - (-4 - -15)) + -3.
71
What is the value of (0 + -5 - (-10 - (7 - (-7 + 13)))) + -1?
5
What is 82 - (0 - -1) - (76 - (105 - 15))?
95
What is -4 + (98 - (-2 - 3)) + (-41 - -41 - -12)?
111
11454 + -11502 + (0 - -4)
-44
Evaluate (10 - (2 + -2)) + (-64 - -23) + -43 + 28.
-46
What is -58 - (-7 + 1 - ((203 - 210) + 2 + -4))?
-61
Calculate (74 - 73) + 18 + -57.
-38
What is (8 - 11) + ((-4 - 1) + 88 - -1) + 0?
81
Calculate (2 - 9) + (-15 - (56 + -35)).
-43
5 - (-9 + (15 - (-6 + 8) - 0)) - 39
-38
-5 + (-2 - -5 - -3) + (-22 + 14 - -18)
11
Calculate 5 + (4 + (-2 - -8) + 6 - -12).
33
What is the value of 20 - (7 + (-19 - -65)) - -89?
56
Calculate 84 + (73 - (-16 + 130)).
43
What is the value of 6 + 0 + (5 + -1 - (-8 + -17 + 17))?
18
1270 + -1318 - (1 + -64)
15
What is 0 + (0 - -25 - 4) - 31?
-10
Calculate (33 - 177) + (-69 - -124).
-89
Calculate -21 + -28 + 30 - -20 - (66 - (4 + -3)).
-64
-88 - (-22 + (10 - -4))
-80
Evaluate -90 + (-57 - (-153 + 32)).
-26
What is 80 + -2 + -136 + 1 + 120?
63
Evaluate -61 + (-139 - -197) + 1 + -30.
-32
Evaluate -7 + -2 - 35 - (-9 + (6 - (6 - 9))).
-44
What is the value of (-2 + 2 - 17) + -4 + 13 + 6?
-2
41 + -68 + -32 + (-6 + -1 - (-8 + 10))
-68
Evaluate (0 + -1 - -56) + 508 + -500 - (26 + -16).
53
What is (6 - 8) + 0 + -5 - ((22 - 104) + 17)?
58
Evaluate -22 - 1 - (46 - -29 - 131).
33
7 + (-36 - -104) - (0 + -1 + (8 - -5))
63
Evaluate -111 - (-151 + -12 + -47).
99
Calculate 427 + -445 + (18 - -2) - (-4 + (0 - 0)).
6
-2 + 75 - (52 + -235 - -154)
102
What is the value of (-1 - -2) + (-773 + 777 - (-1 + 8))?
-2
Calculate -375 + 310 + (-2 - 3).
-70
Evaluate (-7 - 1) + 84 + -10 + -64.
2
Evaluate (0 - 3) + -75 + 81 - 2 - 40.
-39
Calculate -22 - (-24 + (27 - 91) + 13).
53
17 + -2 + 10 + -34 + 35
26
Calculate 50 - 35 - ((2 - (-3 + 14)) + -44).
68
What is the value of -1 + 90 + 15 + -206?
-102
Calculate 82 - -12 - 23 - ((21 - 22) + (1 - -2)).
69
What is the value of 22 - (46 + -45 + 44)?
-23
Evaluate -19 + 53 + (-27 - -6) + 31.
44
What is (-12 + 29 + -19 - 60) + 18?
-44
Calculate 19 + (-15 - 0 - -2 - (32 - -2)).
-28
Calculate (-1 - 1) + 6 + (-6 - (-13 - 1 - -20)).
-8
Evaluate -67 - 9 - (-813 + 812).
-75
What is the value of 79 - (6 - (4 - -7)) - (-19 + 8)?
95
What is the value of (2 + 0 - 0 - 12) + 15 + 1 + -6?
0
-116 + 7 + 109 - (2 + 76)
-78
What is 787 + -924 - (-123 - 14)?
0
216 + (-205 - 6) - (50 + 1)
-46
Evaluate 5741 - 5678 - (2 - -27).
34
Evaluate 60 - (9 + -6 + -13) - 15.
55
What is the value of 236 - (-114 - -187) - 111?
52
Calculate (21 - (49 - 41) - 52) + -24.
-63
What is (-45 + 175 - 221) + 159?
68
What is the value of 52 + -60 + -88 - (3 + -7 - -4)?
-96
Evaluate (-2 - -2) + -6 + 5 + (237 - 198).
38
What is 2683 + -2613 + (-59 - 1)?
10
(-18 - (11 + -8) - -156) + 6
141
-98 + (82 - (-111 - -55))
40
What is (7 - -1) + (-31 - ((18 - 14) + -31)) + -49?
-45
What is 6 + (-9 - -7) + -6 + 48 + (15 - 28)?
33
What is the value of (14 - (-2 + 2) - (13 - -13)) + -55 + 2?
-65
1595 - 1688 - (36 - 4)
-125
(-13 - 5) + (-3 - -26 - 14) + -6
-15
What is -8 + (27 - (-15 + 1 + -3 + (30 - 18)))?
24
Evaluate -41 - (-31 + -59 + 78).
-29
Evaluate -210 + 212 - (49 + -5).
-42
Calculate 93 + (-42 - -36 - 33) + 11.
65
What is the value of (-7 - (-49 + 3)) + 11?
50
What is the value of (-7 - -16) + (1 - -5 - 7 - 2)?
6
What is 13 - (32 - (31 + -46))?
-34
(-654 - -621) + (-4 - -70)
33
What is -1 + -19 + -50 + 53?
-17
What is the value of 17 - ((-15 - 1) + 268 + -263)?
28
What is the value of 1 + -42 + (61 - 26) + (-2 - -9)?
1
What is the value of 7 - -92 - (1 - -61)?
37
What is the value of -33 - (21 + 19 + -82)?
9
-11 + (-11 + 2 + 7 - -8) - 35
-40
11 + (4 - 6) + -1 - (-208 + 142)
74
Evaluate 74 - -14 - 17 - (42 - 31).
60
What is 0 + -61 - (-39 - (20 - 95))?
-97
Calculate 59 + -1 + (7 - 2) + -24 + (-70 - -82).
51
Evaluate 0 - (72 + -58 - 10).
-4
19 + (24 - 33) - 5 - -49
54
What is the value of -84 + (-27 + (61 - 27) - (-2 + 1 - -5))?
-81
What is the value of -21 - -35 - 33 - -2?
-17
-42 + 65 + -15 + -9
-1
What is the value of -16 + -2 + 8 - (-23 + 32 + -1 + -77)?
59
Calculate -5 - (32 - (13 - 8)) - (-46 - -35).
-21
(65 - (19 + -7)) + -23 - (-2 + 1 + 9)
22
What is the value of -5811 - -5796 - (-5 + 9 + -2)?
-17
Calculate 3 - 0 - (10 + -17 - -9) - -41.
42
What is the value of 97 - (-10 - (6 - 26 - (10 + -17)))?
94
-126 - (-29 + (46 - 76))
-67
-48 + 157 + -157 + (-2 - 3 - 0)
-53
-122 - 27 - -186 - (1 + 58)
-22
(3 - (0 - 56)) + 60
119
Evaluate (-10 - (-4 + 0)) + -2 + -1 + 16 - 30.
-23
What is the value of (-259 - -258 - (-3 + (1 - -12))) + 28?
17
What is -1 + 1 + -1 - -1 - (67 + -170 + 105)?
-2
What is (-2 - 58) + -2 + 27 + (-37 - (14 - 30))?
-56
43 - (98 - 106) - (10 + -1)
42
What is the value of -3 - (-17 + 3) - (-29 + (63 - 22) - -19)?
-20
What is the value of -35 - (-85 + 12 - -44)?
-6
Evaluate (-13 - 64) + 56 + -17.
-38
Calculate -5 + (12 + 3 - 3) + -14 + -15.
-22
What is the value of 117 + (-41 - -88) + -4 + -41?
119
What is the value of (14 + -43 + 39 - (0 + -54)) + (-3 - -14)?
75
What is (107 - 200 - -99) + (-1 - (21 + (-2 - 1)))?
-13
What is the value of 8 - (386 - 396 - (11 - (2 - 0)))?
27
Calculate -53 + (-10 - (51 + -88)).
-26
Calculate (3 - 0) + (1 - (-43 - (-33 + 11))).
25
What is the value of 525 + -651 + (-6 - -37)?
-95
What is -1 + (18 - 18 - 18) - -10 - 88?
-97
Evaluate 11 + -1 + (-9 - (0 - (19 - 31))).
-11
8 + 0 + -175 + 160
-7
-2 - (29 + -8 + 6 + 27)
-56
What is 49 + 11 - 87 - 25?
-52
206 - 181 - (2 + 6 + (-1 - -2))
16
Calculate -69 - (82 + -148 + 39).
-42
What is the value of (-93 - (-16 - (9 + (-11 - 0)))) + 16?
-63
Evaluate -6 + (17 - (4 + -3 +